= l*v - 10. Calculate the remainder when 22 is divided by v.
2
Let u be 1 - -1 - (-1 - 2)/1. Suppose 3*d = 5*s - 66, -5*d = -s - s + 34. Calculate the remainder when 2/u + (436/10 - -3) is divided by s.
11
Let v(d) = d**3 - 16*d**2 + 2*d + 10. Let z be v(16). Let j = 79 - z. Let h = 33 - 23. What is the remainder when j is divided by h?
7
What is the remainder when 80 is divided by 35/10*240/21?
0
What is the remainder when 142 is divided by (0 + (-6 - -7))*332/4?
59
Let c = 33 + -29. Let q be -3*(0 + c/12). Calculate the remainder when 56 is divided by q*((-4)/(-2) + -21).
18
Suppose 5*r - 10 = 4*u + 10, 0 = -2*r - 5*u + 41. Suppose -26 = -4*w - 6. Calculate the remainder when r is divided by w.
3
Suppose 203 = 41*n - 34*n. What is the remainder when 28*(-2)/(-3)*3 is divided by n?
27
Let r = 114 - 73. Let w = -629 - -650. Calculate the remainder when r is divided by w.
20
Suppose 52*x - 323 - 93 = 0. Calculate the remainder when 152/(-3 + 5) + 3 is divided by x.
7
Suppose -171 = -3*k + 3*r, -57 = -k - 0*k - 5*r. Calculate the remainder when k is divided by ((-8)/(34 - 10))/(1/(-60)).
17
Let y(q) = -6*q + 37. Calculate the remainder when 65 is divided by y(-3).
10
Let x be (-11 + 13)/((-4)/(-6)). Suppose -9*w = -x*w - 126. Suppose w + 75 = 4*d. What is the remainder when 94 is divided by d?
22
Suppose -5*q + 25 - 5 = -x, 3*x + 5 = 4*q. Calculate the remainder when 2/(-2) - q*-18 is divided by (-81)/(-3) - 3/((-3)/(-4)).
20
Let k(f) = f - f**3 - 4*f**2 - 8 + 7*f**2 + 6*f**2 - 9*f. What is the remainder when k(7) is divided by 18?
16
Let a = 0 + -3. Let g(m) = m**3 + 3*m**2 + 3. Let s(k) = -k**3 - 3*k**2 + 29*k + 89. Calculate the remainder when g(a) is divided by s(-3).
1
Let x(w) = -w**2 + 4*w + 12. Suppose -150 = 27*d - 33*d. What is the remainder when d is divided by x(5)?
4
Let k(q) = -40*q + 323. What is the remainder when k(6) is divided by 33?
17
Suppose 4*q + 15 = 27. Suppose -3 = -2*k - 5*g, 2*k + 3*k + q*g - 36 = 0. What is the remainder when -1 + (-3)/(6/(-50)) is divided by k?
6
Let m be 0*3/(-6)*1. Let g be m + 2 + -3 + 4. Suppose 4*z = 3*q - 32, 5*q = g*z - 0*z + 57. Calculate the remainder when 46 is divided by q.
10
Suppose -340 - 145 = -5*n + 4*y, -2*n + 217 = 3*y. What is the remainder when n is divided by 35?
31
Let i = 155 - 86. Calculate the remainder when i is divided by 14.
13
Suppose -8*y + 3 = -245. Suppose 3*o = -n + 142, n + 5*o - 138 = -0*o. Calculate the remainder when n is divided by y.
24
Let z be (-24)/(-10)*(-40)/(-4). Let q be 2*6/9*z. Let l = q - 6. Calculate the remainder when 101 is divided by l.
23
Let w(f) = 105*f**3 - 2*f**2 - 4*f - 2. Let q be w(-1). Let c = -93 - q. Calculate the remainder when 23 is divided by c.
11
Suppose 0 = 2*t - 2*k - 30, 0 = -2*k - 0 - 2. Suppose -15*d + t*d + 1 = 0. Calculate the remainder when (-3 - d) + 1 + 25 is divided by 5.
2
Let c be 14/(-21) + -2 + (-25)/3. Let q = c - -18. Calculate the remainder when 22 is divided by q.
1
Let i(a) = a**3 - 9*a**2 - 3*a - 26. Let n = -20 + 43. What is the remainder when i(11) is divided by n?
22
Let z be ((1036/21)/(2/3))/(-2). Let i = -22 - z. What is the remainder when i is divided by 6?
3
Let g(p) = -p**3 - 2*p**2. Let m be g(-1). Calculate the remainder when (42 - 2) + (5 - 3) is divided by -1 - (-14 + -1) - m.
12
Suppose 0*k = -3*m + 4*k + 94, -4*m + 3*k = -123. Let t = 171 - 113. Calculate the remainder when t is divided by m.
28
Suppose -23 = 3*c - 71. Let t(b) = b**2 + b - 1. Calculate the remainder when t(-6) is divided by c.
13
Suppose 6 - 30 = 4*x. Let a = x + 4. Let m = 11 - a. Calculate the remainder when m is divided by 8.
5
Suppose 10*p = 15*p - 85. Calculate the remainder when 31 is divided by p.
14
Suppose -227*k + 223*k + 169 = 5*b, -3*b + 3*k + 123 = 0. Let o = -126 + 273. Calculate the remainder when o is divided by b.
36
Suppose 2*g + 199 = 3*g + y, 4*g = -3*y + 797. What is the remainder when g is divided by 51?
47
Let k(z) = 2*z**2 + 4*z - 15. Let n be -4 + -1*(14 - -4). Let b = 17 + n. What is the remainder when 26 is divided by k(b)?
11
Let a be ((-2)/24*-4)/(2/18). Suppose -5*v + 35 = -4*f, a*v + 3*f + 6 = -0*f. What is the remainder when 11 is divided by v?
2
Let q be (-26)/(-14) - 5/(-35). Let m be ((-8)/12)/(q/21). Let s(w) = -w**3 - 7*w**2 - 5*w + 6. Calculate the remainder when s(m) is divided by 21.
20
Let h(w) = -w**3 - 10*w**2 + w + 10. Let o be h(-10). Let x(i) = 5*i - 2*i - i**3 - 2*i + i**2 + o*i**2 + 13. What is the remainder when x(0) is divided by 5?
3
Let m(v) = 5*v**2 - 2*v + 3. Let c be m(5). Let r = -65 + c. Suppose 3*g - 60 = -75, -g = 3*y - 76. Calculate the remainder when r is divided by y.
26
What is the remainder when 17*4 + (-12)/(-16)*-4 is divided by 14?
9
Let m(v) = -15*v**3 + v**2. What is the remainder when 38 is divided by m(-1)?
6
Suppose 3*g = 4*y + 63, 3*g + 3*y = 2*y + 48. Suppose 39 = 2*n - g. Calculate the remainder when 82 is divided by n.
26
Suppose -41*p - 733 + 8482 = 0. What is the remainder when p is divided by 70?
49
Let i(p) = -p**3 + 6*p**2 - 5*p + 1. Let s = 178 + -176. Let w(z) = z**3 - 2*z**2 + 8*z - 13. Calculate the remainder when i(4) is divided by w(s).
1
Let v = -25 + 26. What is the remainder when ((-20)/(-16))/(v/8*2) is divided by 2?
1
Suppose -2*w = 2*l + 2*w - 110, l - 59 = -w. Suppose -5*m = -52 - 28. Calculate the remainder when l is divided by m.
15
Suppose 185 = 23*z - 1609. What is the remainder when z is divided by 19?
2
Suppose 4*r = -r - 15. Let i be (-2)/(1 - 2 - r). Let h(m) = -34*m**3 - m**2 + m + 1. What is the remainder when h(i) is divided by 9?
6
Let k(s) = s**3 + 14*s**2 + 27*s + 107. What is the remainder when k(-12) is divided by 39?
32
Suppose -2414 + 824 = -15*o. Suppose -3*b = 2*j + b - 60, -5*b + 145 = 5*j. What is the remainder when o is divided by j?
22
What is the remainder when (-15)/(-25) + (9427/5 - -2) is divided by 10?
8
Let v = 234 + -216. Calculate the remainder when 65 is divided by v.
11
Let m be (-26)/(-10) - (16/10 - 1). What is the remainder when 78 is divided by ((-80)/(-4))/2*m?
18
Suppose -136 = -v - v. Calculate the remainder when 335 is divided by v.
63
Let k = -2173 + 345. What is the remainder when 138 is divided by (-4)/26 + k/(-156)*3?
33
Suppose 6*p + 270 = 12*p. Suppose -20 = -5*a + p. What is the remainder when a is divided by 7?
6
Suppose 8*n = 9*n. Suppose n = -d + 6*d. What is the remainder when 38 is divided by -25*(d - (-12)/(-15))?
18
Let q(s) = s**3 - 9*s**2 + 32*s - 91. Calculate the remainder when q(9) is divided by 68.
61
Suppose 0 = 3*k + 5*j - 166, -27 + 89 = k + 5*j. Calculate the remainder when 186 is divided by k.
30
What is the remainder when 748/(3/((-21)/(-14))) is divided by 18?
14
Let q(g) = -3*g. Let y be q(-1). Let b(h) = 6 + y + 13 - 6 - h. Calculate the remainder when 2 is divided by b(15).
0
Let r(a) = -2*a**3 - 33*a**2 - 20*a + 16. Let g be r(-16). Suppose -9*l + g = 7*l. Calculate the remainder when 5 is divided by l.
0
What is the remainder when 183 is divided by 5/(285/(-6)) + (-2896)/(-76)?
31
Let i(o) = 50*o**3 - o**2. Let v = 117 - 27. Suppose q + v = 10*q. Calculate the remainder when i(1) is divided by q.
9
Calculate the remainder when 114390/(-372)*2*2/(-6) is divided by 11.
7
Let i(l) = 137*l - 19. Let x be i(6). Suppose -5*a - 2*d + x = 0, a = 4*d + d + 139. What is the remainder when a is divided by 33?
27
Let k(t) = t**2 + 4*t + 7. Let o be k(-6). Let u = -2 + o. Suppose 2*i = 11 + u. What is the remainder when 53 is divided by i?
11
Let v(u) = 260*u**2 - 17*u + 18. Calculate the remainder when v(1) is divided by 44.
41
Suppose -55 - 8 = -3*q. Suppose 0 = -q*k + 22*k - 9. Calculate the remainder when 52 is divided by k.
7
Let v(c) = c**3 - 3*c**2. Let r be v(3). Suppose r = -47*h + 42*h + 495. Calculate the remainder when h is divided by 20.
19
Let l = -13 + 36. What is the remainder when (4 + -6)/(-2)*47 + -4 is divided by l?
20
Let s = 552 + -418. What is the remainder when s is divided by 20?
14
What is the remainder when 60 - 7/(3 - 10) - 3 is divided by 2/(2*2/24)?
10
Suppose 61*u - 102 = 58*u. Calculate the remainder when u is divided by 10.
4
Suppose 24 + 24 = 2*h. Suppose -9*y + 2091 = 1272. What is the remainder when y is divided by h?
19
Suppose -12*h =